-81).
2
What is the value of (0 - 1) + (-22 - -31)?
8
What is -3 - ((3 - (-2 + 5)) + -7)?
4
Calculate -7 + 4 + (0 - 1).
-4
What is the value of 0 + (-6 - 0) - (-31 + 18)?
7
Evaluate -3 + (-1 + 6 - 4 - 3).
-5
(-8 - -1) + 2 - (-7 + 4)
-2
What is 0 + 3 + -1 + -2?
0
What is the value of -5 + (4 - 0) - -1?
0
(-7 - -4) + (6 - -2) + -1
4
What is the value of (25 - 31) + (1 - -3)?
-2
What is 5 + (29 + -32 - (2 - -1))?
-1
-5 + (9 + 4 - 5)
3
Evaluate 0 - (5 + (1 - 5)).
-1
Calculate -4 + 2 + 0 + 6.
4
7 + -6 - -1 - -3
5
-3 + -3 + 9 - (-51 + 58)
-4
What is the value of 2 + 0 + (-15 - (-19 + 9))?
-3
-6 + 10 - (2 + 5)
-3
-6 + 11 + 2 + -4
3
What is the value of (12 + -1 - 6) + -6?
-1
Evaluate (-4 - -4) + 1 - (1 - 0).
0
What is 9 + 3 + -4 - 5?
3
What is (2 - (-4 + 2)) + -42 + 36?
-2
What is the value of (-3 + 1 - 2) + -4 + 6?
-2
What is the value of -3 + -2 - (-1 - (1 - 2))?
-5
Evaluate -12 + 9 + 3 + -1 - 5.
-6
What is (2 - 3) + 10 + 5 + -9?
5
Evaluate 4 - (-5 + 4 - 4) - 5.
4
What is -7 - (3 - -3 - 7)?
-6
Calculate (-16 - (1 + -6 - 1)) + 5.
-5
Evaluate 7 - (1 + 4 + -1) - 1.
2
What is 7 + (12 + -16 - (-3 - -6))?
0
What is 2 - (6 + (-5 - 2))?
3
Evaluate (7 - (2 + 0)) + -4.
1
What is 3 + -4 + 3 - 4?
-2
Calculate 2 + -1 - 5 - -8.
4
Calculate -1 + 5 + -3 + 0.
1
Calculate 1 + -3 + (-25 - -25).
-2
What is (4 - 9) + 13 + (-10 - -8)?
6
-1 - (2 - 1) - (38 - 43)
3
What is (2 - (-1 + 0)) + (3 - 1)?
5
Calculate 0 + 3 + 3 + -2.
4
Evaluate (11 - (0 + 1)) + 24 + -23.
11
What is 0 + -4 + 5 + 2?
3
What is 0 + 9 + (-33 - -28)?
4
-7 - (3 + 0 - 2) - -5
-3
7 - (6 + -3 + (-1 - -2))
3
12 + -16 - ((-3 - -2) + -2)
-1
What is the value of -36 + 38 - (3 + 1)?
-2
Evaluate -19 - -9 - -6 - 2.
-6
What is the value of (0 - -6) + 11 + -18?
-1
Calculate -3 + -3 - (-10 - -2) - 3.
-1
Evaluate -8 + (14 - (-8 + 7)).
7
Calculate 11 - (9 + (3 - -6 - 9)).
2
-3 - -7 - (9 - -9 - 10)
-4
What is -1 + 0 + -13 - -8?
-6
Calculate -2 + 3 + (10 - 1 - 7).
3
What is 1 - ((-1 - 2) + (-1 - -2))?
3
Calculate (1 - 6) + 4 + 0 + -3.
-4
(32 - 34) + (6 - 0)
4
(12 + -5 - (-1 - -3)) + 0
5
Evaluate 0 + 1 - (-25 - -24) - -4.
6
1 + -3 + 5 + 0
3
Calculate 1 + (-2 - 1 - -1) - 4.
-5
What is (5 - 5) + 2 + 2?
4
What is the value of 1 + 7 + (1 - 6)?
3
Evaluate -4 + (-7 - -4) + 8 - -2.
3
(-67 - -76) + (1 - 10)
0
What is the value of 0 - (-6 - (2 - 4))?
4
What is the value of -1 - 0 - (2 + -5)?
2
Evaluate -2 + 3 - (-1 + -3).
5
What is 2 - (-3 - 3 - (-6 + 4))?
6
Calculate (1 - 0) + (35 - 33).
3
Calculate -11 - -18 - (-1 - -4).
4
Evaluate 2 - (13 - 7) - -9.
5
Evaluate (-9 - (-1 - -2)) + (-79 - -84).
-5
Calculate (11 + -7 - -1) + -1.
4
What is the value of 23 - 17 - (0 + 6)?
0
What is (-3 + -2 - 4 - 0) + 4?
-5
What is the value of (-7 - -5 - -3) + -4?
-3
What is the value of 2 - -2 - (0 + -4 + 3)?
5
What is 1 + 0 + -2 + -3 + 2?
-2
Evaluate -1 + -5 + 9 - (2 + 1).
0
Evaluate 2 + -10 + (26 - 20).
-2
2 - (1 - (7 + -14))
-6
Calculate 5 - ((-1 - -3) + 3).
0
1 + (-4 - 0) + 3
0
What is the value of 0 + 0 + 4 + -8 - 1?
-5
Calculate (-1 - (0 + 1)) + -1 + 7.
4
Calculate -2 + 0 + -2 + 1 + -2.
-5
Evaluate 14 + 2 + -8 + -3.
5
Calculate (-1 + 3 + -2 - 3) + 4.
1
Calculate -15 + 12 - (-3 + -10).
10
Evaluate (2 - (0 - (3 + -1))) + 1.
5
What is the value of 12 - (7 + -11) - 9?
7
Calculate 0 - (8 - 14) - 5.
1
Evaluate -7 + 1 + -1 - (-13 + 3).
3
Calculate (-8 - -10) + -1 + 2 + -7.
-4
What is 0 - 2 - (0 - 4 - -5)?
-3
-61 + 61 - (-7 - -1)
6
Calculate -3 - (-1 - -4 - 9).
3
What is -11 + -5 + 12 - (-1 - -1)?
-4
Evaluate 2 + -5 + 2 + -4.
-5
-1 + (8 + -5 - 1)
1
Calculate -5 - (-4 + (2 - 2)).
-1
What is the value of 3 + (1 - -5 - 4) + -2?
3
Calculate (-7 - -2) + (4 - 0).
-1
Evaluate 3 + -4 + 4 + -1 - 5.
-3
What is the value of (8 + -4 - 3) + -5?
-4
What is (1 - 0) + 1 + -53 + 53?
2
What is -9 + 6 + -3 + 1?
-5
Calculate -6 + (6 - (0 - -2)).
-2
Evaluate 0 + -7 - -1 - -5.
-1
-7 + -2 - (1 + -5)
-5
What is the value of (5 - (8 + -5)) + -5 - -4?
1
What is (3 + -3 - -6) + -5 - 7?
-6
What is 10 - 10 - -1 - 0?
1
What is (1 - 0) + 17 + -13?
5
What is the value of 4 + -12 + 2 + 2?
-4
What is the value of (-5 - 5) + 6 + 6?
2
What is 3 - 6 - (3 - (1 - 0))?
-5
What is -1 + -7 - (17 - 22)?
-3
Calculate (2 - -2 - 0) + -5.
-1
What is -1 - (11 + -5 + -5)?
-2
(0 - 3) + (-7 - -20) + -9
1
Calculate (14 - (16 + -8)) + -1 + -4.
1
What is 0 - (2 - 1 - (-19 + 21))?
1
Calculate (-8 - (-5 - 1)) + -3.
-5
Evaluate (-1 - 0) + 4 + -5.
-2
What is the value of 3 + 0 + (-1 - 2) + 5?
5
What is the value of (5 - (1 + -4 + 8)) + 6?
6
4 + -10 - (-12 - -11)
-5
Evaluate 8 - (5 + (-5 - -3)).
5
67 - 74 - (-1 - -3)
-9
Evaluate 3 - 2 - (-1 + 4).
-2
Calculate -1 + -2 - (2 + -9 + 2).
2
What is (-5 - (-3 + -11)) + -3?
6
4 + 2 + (-8 - -4) + 2
4
Calculate 0 + -3 + 2 + 38 + -43.
-6
(1 - 2) + 3 - (-42 - -46)
-2
What is -2 + -10 + 17 - 12?
-7
Evaluate (2 - 10) + (-6 - -10).
-4
Calculate (2 - -4 - 10) + (12 - 2).
6
What is (2 - 2) + 3 - (-27 - -22)?
8
What is the value of (-3 - -5) + 4 + (4 - 5)?
5
What is (-2 - (2 - (1 + 2))) + 1?
0
Evaluate 0 + (3 + -4 - 0) - 2.
-3
What is -2 + (-1 - (3 + -2 - -1))?
-5
What is -11 + (-6 - -14) + -2?
-5
What is -5 + 1 + 10 + -5 + 1?
2
Evaluate -4 - (-7 - -4 - -3).
-4
Evaluate 24 - (1 - -6) - (10 + -2).
9
What is (2 - 4) + 5 + -4 + -1?
-2
3 + -1 + -5 + 0 + 3
0
What is the value of -1 + -12 + -59 + 69?
-3
What is the value of (-3 - (-3 - -2)) + 0?
-2
What is -10 - (-6 + 14 + -9)?
-9
Evaluate 36 - 24 - (13 - 1).
0
Calculate 4 + -14 + -6 + 3 - -5.
-8
Evaluate 2 + -7 - ((5 - 21) + 6).
5
Evaluate -7 - ((-8 - -13) + -17).
5
6 + (-2 - -2) - 5
1
Evaluate 4 + 1 - (-1 + 4).
2
Evaluate -18 - (-1 - 9) - -3.
-5
1 - (6 + 1 - 0)
-6
(-1 - -2) + (2 - (6 + -1))
-2
Evaluate -8 + (3 - 0 - -5).
0
What is (2 - (2 + -2)) + (-3 - 1)?
-2
8 - (8 + (-13 - -8))
5
What is (5 - -3) + (-9 - -6) - 7?
-2
What is -1 + (-9 - (-12 - -8))?
-6
What is 4 + 8 + -2 + (0 - 5)?
5
What is the value of -15 + -1 + 12 - (0 + -9)?
5
What is the value of (7 - (0 - 4) - 7) + -8?
-4
Evaluate -2 + 8 + -3 + 0.
3
What is the value of -82 - -74 - (0 - (5 - -1))?
-2
Calculate -2 + (-5 - -3 - 1).
-5
Calculate (9 - (-1 - -1)) + (334 - 339).
4
What is 1 + -7 + 6 + -3?
-3
3 + 1 + -30 + 22
-4
Evaluate 5 - ((-4 - (-25 + 6)) + -6).
-4
Calculate -3 - (-8 + (-3 - 0) + 4).
4
What is -2 - 2 - (-6 - (-15 - -3))?
-10
What is the value of 2 - 8 - (-1 + 1 - -1)?
-7
What is -12 - (3 - 3 - (14 - 13))?
-11
(-2 - (7 + -3)) + 1
-5
12 - (14 - 7 - 0)
5
Evaluate (-1 - 2 - 3 - -3) + 2.
-1
-8 + 7 + (-1 - 3)
-5
Evaluate -3 + -5 + 3 - (4 - 10).
1
Calculate (-5 - 2) + (1 - (10 + -7)).
-9
3 + (1 - 4 - -2) - 4
-2
Calculate (-3 - (-2 - 0)) + -1.
-2
Calculate -1 - (34 + -45 - (-5 + 1)).
6
Calculate 1 + (-6 - -12) + -2.
5
What is 6 + (-3 - (-4 + 3) - 5)?
-1
Evaluate (5 - 5 - 0) + 4.
4
Evaluate -1 + 6 + -5 + 2.
2
What is 4 + -11 - (-6 + 4)?
-5
What is the value of -1 + (7 - 2) + 0?
4
9 - (10 - (6 + -3) - 1)
3
Calculate -10 + -7 + 5 - (0 + -3).
-9
What is (-8 - (-3 - 1)) + 8?
4
What is the value of -5 + 2 + 3 + -10 - -3?
-7
What is the value of 2 + -3 - (-5 + 7) - -7?
4
What is (26 - 13) + 3 + -24?
-8
-13 - ((1 - -2) + (7 - 16))
-7
What is the value of -1 + -1 + 0 + 6?
4
-5 + -1 + (3 + -6 - -8)
-1
Calculate 0 + 3 + (-2 - -8) + -14.
-5
What is the value of (5 + -4 - (-2 - 0)) + -5?
-2
What is the value of (23 - 16) + -7 + -7 + -1?
-8
What is the value of 4 - (3 + (-3 - (-4 - 2)))?
-2
Evaluate (-3 - -1) + 1 - 0.
-1
Evaluate -5 + 4 + 3 + -1 + -4.
-3
Evaluate -8 + 10 + -4 + -3.
-5
14 + -8 - (-2 + -1 - -11)
-2
What is the value of 3 + (-5 - (4 - 11))?
5
What is -5 + (-1 - -11) + 3 + -11?
-3
Evaluate -4 + (7 - 2) + -1 + 2.
2
2 + -8 - (-7 - (-9 + 5))
-3
Calculate 10 + -2 + -11 + 9.
6
What is the value of 1 + (-6 - (-15 - -3)) + -8?
-1
Calculate 2 - (1 + -3 + 6).
-2
Calculate -8 - (0 - (2 + 1)) - -5.
0
Evaluate 1 - (-2 + -4 + 6 + 3).
-2
-2 - (2 - (4 - -2) - -3)
-1
Evaluate (4 - 13) + 3 - 2.
-8
Evaluate -1 + 1 - (-6 + 1 - 1).
6
What is the value of 0 - -3 - (45 - 35)?
-7
Evaluate 4 + -3 + -5 + (11 - 5).
2
Evaluate (3 - (1 + -6)) + -3 - 9.
-4
7 + (0 + 2 - 7)
2
0 + 0 + (3 - -1) + -6
-2
(-2 - 10) + (17 - 13)
-8
Calculate -1 - -1 - 6 - (2 + -4).
-4
8 - (8 + (3 - 10))
7
What is the value of -6 + (4 - (-9 + 2)) - 13?
-8
Evaluate -1 + -1 + 5 + -3.
0
What is the value of 31 + -15 + 